(-10 - 5)) - (-47 - -1)
50
What is 13 - (31 + 68 - 16)?
-70
Evaluate (-18 + 3 - -32) + -5 + 45 + -9.
48
What is (2 - -1) + -2 + (-1 - 3) + (177 - 141)?
33
Evaluate -3 + 5 + (50 - 34 - 1).
17
Calculate 17 + (-15 - (11 + -11)) + -44.
-42
What is the value of -104 - (2 - 1) - 1 - (9 + (331 - 350))?
-96
What is the value of -35 + (46 - (8 - 13)) + -3?
13
What is -333 - -357 - (-19 - -11)?
32
Evaluate -20 - -26 - (-28 - (20 - 17)).
37
What is the value of -3 - (9 + -8) - (8 + (-6 - -17))?
-23
(-189 - (-109 + -64)) + (1 - (2 + 6))
-23
-1 - 32 - 13 - (4 - (-8 + 8) - 2)
-48
What is 101 - 5 - (-29 + 27 + -3 + 11 - 5)?
95
What is the value of (-23 - (-83 - -25)) + -13 + 2 - 38?
-14
Calculate -41 + (40 - (-73 - -71)).
1
What is ((16 - 1) + 14 + -28 + 9 - -52) + -1?
61
Evaluate 28 + -11 + 7 + -5 + -20 - (0 + -8).
7
What is -475 - -492 - (2 + -32)?
47
What is 40 + -64 + 70 + -59?
-13
What is the value of -4 - ((4 - -3) + 109 + -112)?
-8
What is the value of -8 - (-12 + -1 + (10 - 18 - -33) + -21)?
1
Evaluate -50 + (37 - -39 - -20).
46
Calculate 17 + 1 - (37 + -69 + -50 - -30).
70
-35 + 28 - -1 - -24
18
(-22 - (17 + -11 + -8)) + -3
-23
Calculate -131 + (1 - 2) - (1 + -3 + -28 - -39).
-141
What is (13 - 21) + (-9 - -21) - (-2 + 1)?
5
Calculate -13 - -11 - -27 - 40 - -9.
-6
What is -6 + (-5 - (-20 + 10 + 3 - 1)) - -18?
15
What is 38 - 0 - (-10 - (2 + -28))?
22
Calculate 3 - (38 + (58 - 68)).
-25
What is the value of -57 + 97 - 88 - -19?
-29
What is 4 - (37 + -41 - 28)?
36
Evaluate 32 - (182 - 59) - (-3 + -22).
-66
Calculate -19 - (0 - 6) - -17 - -27.
31
What is 14 - (17 + (-1 - -2) - (-271 - -260))?
-15
What is the value of -7 + (45 + -53 - -25 - (-6 - -2))?
14
Calculate -24 + -1 + 2 - (108 - 80 - -37).
-88
What is the value of (-3 - 1) + 11 + (-8 - 0) + (0 - 1)?
-2
4 + 80 + -22 + 28 - (102 - 109)
97
What is the value of 66 - ((50 - 63) + 3)?
76
(-20 - 0) + (10 - (15 - 7) - (-2 + 10))
-26
Evaluate 28 - -7 - 24 - (-45 - -1).
55
What is the value of 40 + -6 - (-14 - (9 - 19))?
38
Calculate (15 - (34 - 14) - 61) + 21 - (12 + 2).
-59
(37 - -43 - 47) + (-4 - (0 - 1))
30
Calculate -16 - (-20 + (19 - 7) + 6 + -2 + -7).
-5
Evaluate (3 - 43) + 64 + -71 + 18.
-29
Calculate (-9 + 70 - 12) + (-1 - -4).
52
10 - 67 - (-3 - 18)
-36
-3 - 40 - (-2612 - -2507)
62
10 + (-7 + 9 + 4 + -5 - -93) + -7
97
What is 18 - (-14 + (21 - (-6 - -42)))?
47
What is -18 - (-2 + 4 + -5 + 8 + -1)?
-22
Calculate 145 - (-340 + 426 + -42 + 0).
101
Evaluate -53 - ((18 - 10) + 67 - 38).
-90
What is -13 + (-42 - -22) + -12?
-45
1 + -25 + (-6 + 6 - (-6 - -16))
-34
Evaluate 30 + -35 + (4 - -4 - (-38 + 14)).
27
Calculate (-27 - -102) + -57 - (3 - 55 - 3).
73
0 + 4 - (31 - -4 - 20 - 3)
-8
What is the value of -171 - -90 - (-37 + 3)?
-47
What is the value of -8 + 0 - (13 - -20 - 14 - 54)?
27
-1172 + 1133 - (-71 - 0 - 6)
38
Evaluate 41 - (-11 + -9 - (25 - (10 + 24))).
52
Calculate -5 + -21 + 0 + -15 + (15 - 5).
-31
Calculate (-44 - 1) + -990 + 1011 - -46.
22
Evaluate 0 - (-65 - ((-1 - -8) + -8)) - (-23 + 36).
51
Calculate 3 + -2 + 5 + -15 + -93 + 66 + -11.
-47
What is the value of 20 + -4 - 8 - (-8 + 86) - (11 - 1)?
-80
What is the value of -37 + -28 + 112 - (-9 + 4 + -3)?
55
Calculate 11 + -8 - 3 - (-9 + (3 - 2) - -12).
-4
54 + 8 + -3 - -5 - (1 - (-11 + 5))
57
18 + (-8 - (28 + -2 + -73))
57
What is the value of 0 + 6 + -33 + -12 + 5 + 3?
-31
Calculate -36 + 75 - (-186 + 157).
68
Evaluate (-188 - -214 - (2 - 45)) + (-15 - 3).
51
Evaluate 1 - -26 - (35 - 1 - -36).
-43
Evaluate -16 - 9 - (201 - 178).
-48
(-15 - 39) + 49 + -1 + 34 + 1
29
Calculate -7 + -2 + (49 - ((-18 + 0 - -13) + -8)).
53
Calculate (-93 - -3) + -689 + 737.
-42
Calculate -17 + 2 - (97 - -4 - -8 - (132 - 152)).
-144
1070 + -1067 - (20 + -1)
-16
What is the value of -5 + -17 + 22 - 16 - (-51 - 2)?
37
What is (-2 + 6 - (171 - 188) - 23) + 81?
79
Calculate 1 + 14 + -39 + (67 - 4) + -1.
38
Calculate 5799 - 5749 - (1 - (-2 + -1 + 3)).
49
What is the value of 27 + (-92 - (-5 - 4)) - -8?
-48
0 + (-18 + 11 - -45) + 7
45
29 - (-4 - (-7 + 22 + -26 - (-21 - 0)))
43
What is the value of (36 + -15 - 31) + 117 + -27?
80
What is the value of 8 + (-36 - (-6 + 4)) + (-30 - -28) + -9?
-37
Calculate 8 - (-34 + 50 - 2).
-6
Evaluate (56 + 1 - (-3 - -1) - (-289 + 285)) + -6.
57
What is -11 - (-41 + 32) - (-2 + 82) - -6?
-76
Evaluate (-8 - -2) + 44 + (-18 - (32 - 14)).
2
Calculate -32 + 2 - -2 - (-3153 - -3168).
-43
Calculate (-114 - (-8 + -23)) + 39.
-44
What is the value of 3 - 5 - -6 - -9 - (-86 + (198 - -12))?
-111
What is (19 - 4 - -37) + (-16 + 20 - (1 - -1))?
54
Evaluate -2 + -4 + (19 + (9 - -18) - -7).
47
Calculate -47 - ((1 - 4 - 0) + (486 - 504)).
-26
Evaluate 9 + -5 + (-13 - (10 - (13 - -9))).
3
What is the value of 35 + -1 - (260 - 178)?
-48
What is the value of (10 - 9) + 39 + -64 + -32?
-56
64 + 1 + -61 + -89 + -6 + 4 + -1
-88
Evaluate 40 + 22 + -39 + -26 - (-73 + -1 + -1).
72
Calculate -109 + (-18 + 31 - 44) + 12.
-128
What is the value of -386 - -429 - (26 + -16)?
33
Evaluate -26 - (-251 - -259 - (9 - 0)).
-25
Evaluate (33 - (-17 + 126 - 36)) + -31.
-71
What is the value of 2 + 0 + (-35 - -14) + -20?
-39
What is the value of 8 + (5 - 34) - -11 - 2 - -3 - 36?
-45
What is the value of 68 - (49 - 19) - 33?
5
What is -85 + 90 + 2 + (1 - 2) + 19?
25
What is 24 + (72 - ((-7 - (-5 - -2)) + 17))?
83
Calculate -5 - (-5 + -13 + 0) - (25 + 25 + -4).
-33
What is (-335 - -364) + 10 + -3?
36
Calculate 54 + (121 - 271) + 148.
52
Calculate -17 - -7 - (10 - (-4 - 6)).
-30
What is 1 + 43 - (11 + 0 + 1 + -4 + -7)?
43
Evaluate 44 - (-6 + 37) - -13 - 5.
21
226 + -106 - 2 - 137
-19
Calculate (58 - ((-5 - -6) + 6 + -6)) + 2 + -3.
56
Calculate -25 + 10 + (-3 - (11 + 6) - -105).
70
What is 2 + -9 + (-9 - -11 - -23 - 3)?
15
What is the value of -74 - (2 + (-5 - (21 - 32)) + 12)?
-94
51 + -74 + 31 + 72
80
What is the value of -18 + ((-6 - 0) + -226 + 218 - -2)?
-30
What is the value of (-4 + (-5 - -28) - (0 + 3)) + 35 + -40?
11
Evaluate -92 + (-4 - (-30 + 11) - 23) - 4.
-104
What is the value of 118 - 170 - (-14 - -3) - (4 - (0 - -1))?
-44
What is the value of -1 - (-54 - (-10 + 14 + -2)) - -7?
62
What is the value of -82 - (203 + -100 + -200)?
15
What is -9 + -4 + (0 - -19 - (-55 + 84))?
-23
Calculate 11 + (8 - (-3 + (-29 - (34 - 17)))).
68
Evaluate (-10 - (1 + -24 + 18)) + 1 + 4 - -78.
78
Calculate (13 - ((53 - 64) + -4 + 22)) + -115 - 9.
-118
What is the value of -25 + -30 + (-4 - (-62 - -23))?
-20
Calculate 5 + (-8 - -2) + (-5 - (-19 + 18 + -16)).
11
What is the value of 139 + -78 + -195 + (-1 - -4 - (3 - 15))?
-119
What is (-3 - 37) + (-8 + 57 + -37 - (-1 + 1))?
-28
Calculate (0 - 6) + 1 - 1 - (236 - 234 - 55).
47
-223 - -233 - (5 + (60 + -8 - 7))
-40
Evaluate 73 + -111 - 96 - (-5 - 34).
-95
What is 1 + -51 + (-5297 - -5294)?
-53
What is the value of -56 + -2 + 10 + -14 + 19?
-43
What is the value of 34 + -37 + -8 - 22?
-33
Evaluate -2908 + 2836 - (-124 + 1).
51
What is the value of 0 - 0 - (-31 + 8 + 36 + -28 + -5)?
20
Evaluate (9 - 12) + -39 + 4 + -3 + 12.
-29
What is -11 + (4 - 15) - (66 - -3) - (0 + -12)?
-79
What is 67 - (-6 + 0 + 44)?
29
What is the value of -9 - (-4 - (1 - (3 - (-9 - -6))))?
-10
Calculate -1032 - -1152 - (233 + 0).
-113
What is -138 - (-191 - (3 + -50))?
6
Calculate (-1 - (-174 - -86)) + 23.
110
What is 26 - (5 - 5 - (14 + -3 + -5))?
32
What is the value of (1 - 4 - 42) + (82 - 53 - 39)?
-55
Evaluate 52 - ((-16 - 11) + 117).
-38
What is 19 - (17 + 23 + -43 + 1)?
21
What is the value of (-5 - (-12 - -40 - 11)) + 18?
-4
What is 24 + -57 + -4 - 35?
-72
What is 286 - -5 - 209 - (1 + -10)?
91
What is -4720 - -4698 - (-1 - -1 - 2)?
-20
Calculate -24 + -12 + 23 + -287 + 355.
55
(18 - 13) + -17 + -13 - 3
-28
What is the value of (1 + 2 - (2 + (-14 - -15))) + (39 - 11)?
28
What is 4 - (-14 - -14) - (1 + 9) - (22 - 1)?
-27
What is the value of 7 + 0 + 0 + -10 + -3 + (309 - 414)?
-111
(1 - -4 - 17) + -74 + 79 + 56
49
Calculate -11 + 23 + -13 + 4 + -27 + (1 - -123).
100
Calculate 35 + (-44 + 10 + 15 - 17).
-1
What is (-7 + 3 - -9) + (-2 - 0) + 817 + -888?
-68
Calculate (-38 - 1) + (189 - 177) + -29.
-56
What is -25 + 20 + (-27 - (-35 + -77))?
80
Evaluate (26 - -1) + (-22 - (-21 - (-29 - (-56 + 14)))).
39
-7 - (9 + 21 + -15) - -30
8
Calculate 44 + 41 + -79